{"id":725,"date":"2020-05-18T19:18:27","date_gmt":"2020-05-18T17:18:27","guid":{"rendered":"https:\/\/www.lemoulinafromages.fr\/index.php\/produit\/creme-au-chocolat-fermiere\/"},"modified":"2020-06-12T06:44:20","modified_gmt":"2020-06-12T04:44:20","slug":"creme-au-chocolat-fermiere","status":"publish","type":"product","link":"https:\/\/www.lemoulinafromages.fr\/index.php\/produit\/creme-au-chocolat-fermiere\/","title":{"rendered":"CREME AU CHOCOLAT FERMIERE"},"content":{"rendered":"<p>Fabrication fermi\u00e8re. Pack de 4<\/p>\n","protected":false},"excerpt":{"rendered":"<p>Cr\u00e9meux, peu sucr\u00e9, tr\u00e8s chocolat\u00e9<\/p>\n","protected":false},"featured_media":0,"template":"","meta":[],"product_brand":[],"product_cat":[192],"product_tag":[128,144],"class_list":{"0":"post-725","1":"product","2":"type-product","3":"status-publish","5":"product_cat-desserts","6":"product_tag-lait-de-vache","7":"product_tag-origine-lot-et-garonne","9":"first","10":"instock","11":"taxable","12":"shipping-taxable","13":"purchasable","14":"product-type-simple","15":"customify-col"},"yoast_head":"<!-- This site is optimized with the Yoast SEO plugin v25.6 - https:\/\/yoast.com\/wordpress\/plugins\/seo\/ -->\n<title>CREME AU CHOCOLAT FERMIERE - Le Moulin \u00e0 Fromages vous souhaite la Bienvenue<\/title>\n<meta name=\"robots\" content=\"index, follow, max-snippet:-1, max-image-preview:large, max-video-preview:-1\" \/>\n<link rel=\"canonical\" href=\"https:\/\/www.lemoulinafromages.fr\/index.php\/produit\/creme-au-chocolat-fermiere\/\" \/>\n<meta property=\"og:locale\" content=\"fr_FR\" \/>\n<meta property=\"og:type\" content=\"article\" \/>\n<meta property=\"og:title\" content=\"CREME AU CHOCOLAT FERMIERE - Le Moulin \u00e0 Fromages vous souhaite la Bienvenue\" \/>\n<meta property=\"og:description\" content=\"Cr\u00e9meux, peu sucr\u00e9, tr\u00e8s chocolat\u00e9\" \/>\n<meta property=\"og:url\" content=\"https:\/\/www.lemoulinafromages.fr\/index.php\/produit\/creme-au-chocolat-fermiere\/\" \/>\n<meta property=\"og:site_name\" content=\"Le Moulin \u00e0 Fromages vous souhaite la Bienvenue\" \/>\n<meta property=\"article:modified_time\" content=\"2020-06-12T04:44:20+00:00\" \/>\n<meta name=\"twitter:card\" content=\"summary_large_image\" \/>\n<script type=\"application\/ld+json\" class=\"yoast-schema-graph\">{\"@context\":\"https:\/\/schema.org\",\"@graph\":[{\"@type\":\"WebPage\",\"@id\":\"https:\/\/www.lemoulinafromages.fr\/index.php\/produit\/creme-au-chocolat-fermiere\/\",\"url\":\"https:\/\/www.lemoulinafromages.fr\/index.php\/produit\/creme-au-chocolat-fermiere\/\",\"name\":\"CREME AU CHOCOLAT FERMIERE - Le Moulin \u00e0 Fromages vous souhaite la Bienvenue\",\"isPartOf\":{\"@id\":\"https:\/\/www.lemoulinafromages.fr\/#website\"},\"datePublished\":\"2020-05-18T17:18:27+00:00\",\"dateModified\":\"2020-06-12T04:44:20+00:00\",\"breadcrumb\":{\"@id\":\"https:\/\/www.lemoulinafromages.fr\/index.php\/produit\/creme-au-chocolat-fermiere\/#breadcrumb\"},\"inLanguage\":\"fr-FR\",\"potentialAction\":[{\"@type\":\"ReadAction\",\"target\":[\"https:\/\/www.lemoulinafromages.fr\/index.php\/produit\/creme-au-chocolat-fermiere\/\"]}]},{\"@type\":\"BreadcrumbList\",\"@id\":\"https:\/\/www.lemoulinafromages.fr\/index.php\/produit\/creme-au-chocolat-fermiere\/#breadcrumb\",\"itemListElement\":[{\"@type\":\"ListItem\",\"position\":1,\"name\":\"Accueil\",\"item\":\"https:\/\/www.lemoulinafromages.fr\/\"},{\"@type\":\"ListItem\",\"position\":2,\"name\":\"Commande en ligne\",\"item\":\"https:\/\/www.lemoulinafromages.fr\/index.php\/boutique\/\"},{\"@type\":\"ListItem\",\"position\":3,\"name\":\"Cr\u00e8merie\",\"item\":\"https:\/\/www.lemoulinafromages.fr\/index.php\/categorie-produit\/cremerie\/\"},{\"@type\":\"ListItem\",\"position\":4,\"name\":\"Desserts\",\"item\":\"https:\/\/www.lemoulinafromages.fr\/index.php\/categorie-produit\/cremerie\/desserts\/\"},{\"@type\":\"ListItem\",\"position\":5,\"name\":\"CREME AU CHOCOLAT FERMIERE\"}]},{\"@type\":\"WebSite\",\"@id\":\"https:\/\/www.lemoulinafromages.fr\/#website\",\"url\":\"https:\/\/www.lemoulinafromages.fr\/\",\"name\":\"Le Moulin \u00e0 Fromages vous souhaite la Bienvenue\",\"description\":\"\",\"publisher\":{\"@id\":\"https:\/\/www.lemoulinafromages.fr\/#organization\"},\"potentialAction\":[{\"@type\":\"SearchAction\",\"target\":{\"@type\":\"EntryPoint\",\"urlTemplate\":\"https:\/\/www.lemoulinafromages.fr\/?s={search_term_string}\"},\"query-input\":{\"@type\":\"PropertyValueSpecification\",\"valueRequired\":true,\"valueName\":\"search_term_string\"}}],\"inLanguage\":\"fr-FR\"},{\"@type\":\"Organization\",\"@id\":\"https:\/\/www.lemoulinafromages.fr\/#organization\",\"name\":\"Le Moulin \u00e0 Fromages vous souhaite la Bienvenue\",\"url\":\"https:\/\/www.lemoulinafromages.fr\/\",\"logo\":{\"@type\":\"ImageObject\",\"inLanguage\":\"fr-FR\",\"@id\":\"https:\/\/www.lemoulinafromages.fr\/#\/schema\/logo\/image\/\",\"url\":\"https:\/\/www.lemoulinafromages.fr\/wp-content\/uploads\/2020\/05\/logo_rond.png\",\"contentUrl\":\"https:\/\/www.lemoulinafromages.fr\/wp-content\/uploads\/2020\/05\/logo_rond.png\",\"width\":630,\"height\":515,\"caption\":\"Le Moulin \u00e0 Fromages vous souhaite la Bienvenue\"},\"image\":{\"@id\":\"https:\/\/www.lemoulinafromages.fr\/#\/schema\/logo\/image\/\"}}]}<\/script>\n<!-- \/ Yoast SEO plugin. -->","yoast_head_json":{"title":"CREME AU CHOCOLAT FERMIERE - Le Moulin \u00e0 Fromages vous souhaite la Bienvenue","robots":{"index":"index","follow":"follow","max-snippet":"max-snippet:-1","max-image-preview":"max-image-preview:large","max-video-preview":"max-video-preview:-1"},"canonical":"https:\/\/www.lemoulinafromages.fr\/index.php\/produit\/creme-au-chocolat-fermiere\/","og_locale":"fr_FR","og_type":"article","og_title":"CREME AU CHOCOLAT FERMIERE - Le Moulin \u00e0 Fromages vous souhaite la Bienvenue","og_description":"Cr\u00e9meux, peu sucr\u00e9, tr\u00e8s chocolat\u00e9","og_url":"https:\/\/www.lemoulinafromages.fr\/index.php\/produit\/creme-au-chocolat-fermiere\/","og_site_name":"Le Moulin \u00e0 Fromages vous souhaite la Bienvenue","article_modified_time":"2020-06-12T04:44:20+00:00","twitter_card":"summary_large_image","schema":{"@context":"https:\/\/schema.org","@graph":[{"@type":"WebPage","@id":"https:\/\/www.lemoulinafromages.fr\/index.php\/produit\/creme-au-chocolat-fermiere\/","url":"https:\/\/www.lemoulinafromages.fr\/index.php\/produit\/creme-au-chocolat-fermiere\/","name":"CREME AU CHOCOLAT FERMIERE - Le Moulin \u00e0 Fromages vous souhaite la Bienvenue","isPartOf":{"@id":"https:\/\/www.lemoulinafromages.fr\/#website"},"datePublished":"2020-05-18T17:18:27+00:00","dateModified":"2020-06-12T04:44:20+00:00","breadcrumb":{"@id":"https:\/\/www.lemoulinafromages.fr\/index.php\/produit\/creme-au-chocolat-fermiere\/#breadcrumb"},"inLanguage":"fr-FR","potentialAction":[{"@type":"ReadAction","target":["https:\/\/www.lemoulinafromages.fr\/index.php\/produit\/creme-au-chocolat-fermiere\/"]}]},{"@type":"BreadcrumbList","@id":"https:\/\/www.lemoulinafromages.fr\/index.php\/produit\/creme-au-chocolat-fermiere\/#breadcrumb","itemListElement":[{"@type":"ListItem","position":1,"name":"Accueil","item":"https:\/\/www.lemoulinafromages.fr\/"},{"@type":"ListItem","position":2,"name":"Commande en ligne","item":"https:\/\/www.lemoulinafromages.fr\/index.php\/boutique\/"},{"@type":"ListItem","position":3,"name":"Cr\u00e8merie","item":"https:\/\/www.lemoulinafromages.fr\/index.php\/categorie-produit\/cremerie\/"},{"@type":"ListItem","position":4,"name":"Desserts","item":"https:\/\/www.lemoulinafromages.fr\/index.php\/categorie-produit\/cremerie\/desserts\/"},{"@type":"ListItem","position":5,"name":"CREME AU CHOCOLAT FERMIERE"}]},{"@type":"WebSite","@id":"https:\/\/www.lemoulinafromages.fr\/#website","url":"https:\/\/www.lemoulinafromages.fr\/","name":"Le Moulin \u00e0 Fromages vous souhaite la Bienvenue","description":"","publisher":{"@id":"https:\/\/www.lemoulinafromages.fr\/#organization"},"potentialAction":[{"@type":"SearchAction","target":{"@type":"EntryPoint","urlTemplate":"https:\/\/www.lemoulinafromages.fr\/?s={search_term_string}"},"query-input":{"@type":"PropertyValueSpecification","valueRequired":true,"valueName":"search_term_string"}}],"inLanguage":"fr-FR"},{"@type":"Organization","@id":"https:\/\/www.lemoulinafromages.fr\/#organization","name":"Le Moulin \u00e0 Fromages vous souhaite la Bienvenue","url":"https:\/\/www.lemoulinafromages.fr\/","logo":{"@type":"ImageObject","inLanguage":"fr-FR","@id":"https:\/\/www.lemoulinafromages.fr\/#\/schema\/logo\/image\/","url":"https:\/\/www.lemoulinafromages.fr\/wp-content\/uploads\/2020\/05\/logo_rond.png","contentUrl":"https:\/\/www.lemoulinafromages.fr\/wp-content\/uploads\/2020\/05\/logo_rond.png","width":630,"height":515,"caption":"Le Moulin \u00e0 Fromages vous souhaite la Bienvenue"},"image":{"@id":"https:\/\/www.lemoulinafromages.fr\/#\/schema\/logo\/image\/"}}]}},"jetpack_sharing_enabled":true,"_links":{"self":[{"href":"https:\/\/www.lemoulinafromages.fr\/index.php\/wp-json\/wp\/v2\/product\/725","targetHints":{"allow":["GET"]}}],"collection":[{"href":"https:\/\/www.lemoulinafromages.fr\/index.php\/wp-json\/wp\/v2\/product"}],"about":[{"href":"https:\/\/www.lemoulinafromages.fr\/index.php\/wp-json\/wp\/v2\/types\/product"}],"wp:attachment":[{"href":"https:\/\/www.lemoulinafromages.fr\/index.php\/wp-json\/wp\/v2\/media?parent=725"}],"wp:term":[{"taxonomy":"product_brand","embeddable":true,"href":"https:\/\/www.lemoulinafromages.fr\/index.php\/wp-json\/wp\/v2\/product_brand?post=725"},{"taxonomy":"product_cat","embeddable":true,"href":"https:\/\/www.lemoulinafromages.fr\/index.php\/wp-json\/wp\/v2\/product_cat?post=725"},{"taxonomy":"product_tag","embeddable":true,"href":"https:\/\/www.lemoulinafromages.fr\/index.php\/wp-json\/wp\/v2\/product_tag?post=725"}],"curies":[{"name":"wp","href":"https:\/\/api.w.org\/{rel}","templated":true}]}}